{"id":1298,"date":"2020-07-02T04:26:23","date_gmt":"2020-07-02T04:26:23","guid":{"rendered":"https:\/\/demo.casethemes.net\/nimmo\/?page_id=1298"},"modified":"2020-07-02T04:26:23","modified_gmt":"2020-07-02T04:26:23","slug":"blog-carousel","status":"publish","type":"page","link":"https:\/\/coralmar.org\/en\/blog-carousel\/","title":{"rendered":"Blog Carousel"},"content":{"rendered":"<div class=\"wpb-content-wrapper\"><div class=\"vc_row wpb_row vc_row-fluid bg-image-ps-inherit\"><div class=\"wpb_column vc_column_container vc_col-sm-12\"><div class=\"vc_column-inner\"><div class=\"wpb_wrapper\">\n<div id=\"ct-blog-carousel\" class=\"ct-blog-carousel-layout1 owl-carousel nav-middle style-light\" data-item-xs=\"1\" data-item-sm=\"2\" data-item-md=\"2\" data-item-lg=\"3\" data-margin=\"30\" data-loop=\"true\" data-autoplay=\"false\" data-autoplaytimeout=\"5000\" data-smartspeed=\"250\" data-center=\"false\" data-arrows=\"false\" data-bullets=\"true\" data-stagepadding=\"0\" data-rtl=\"false\" >\n\n                    <div class=\"ct-carousel-item\">\n                    <div class=\"grid-item-inner\">\n                                                    <div class=\"item-featured\">\n                                <a class=\"overlay\" href=\"https:\/\/coralmar.org\/en\/los-arrecifes-del-caribe-han-perdido-el-48-de-los-corales-duros-desde-1980-segun-un-estudio\/\">\n                                    <img decoding=\"async\" class=\"\" src=\"https:\/\/coralmar.org\/wp-content\/uploads\/2026\/04\/Corales-duros-en-el-Caribe-frente-a-Cuba-en-2019-600x316.jpg\" width=\"600\" height=\"316\" alt=\"Corales-duros-en-el-Caribe-frente-a-Cuba-en-2019\" title=\"Corales-duros-en-el-Caribe-frente-a-Cuba-en-2019\" loading=\"lazy\" \/>                                <\/a>\n                                                            <\/div>\n                                                <div class=\"item-body\">\n                            <ul class=\"item-meta\">\n                                <li><i class=\"fa fa-calendar\"><\/i>17\/04\/2026<\/li>\n                                <li><i class=\"fa fa-user\"><\/i><span>By <\/span><a href=\"https:\/\/coralmar.org\/en\/author\/admino\/\" title=\"Posts by Staff Coral MAR\" rel=\"author\">Staff Coral MAR<\/a><\/li>\n                            <\/ul>\n                            <h3 class=\"item-title\" style=\"\">\n                                <a href=\"https:\/\/coralmar.org\/en\/los-arrecifes-del-caribe-han-perdido-el-48-de-los-corales-duros-desde-1980-segun-un-estudio\/\">Caribbean reefs have lost 48% of hard coral since 1980, study finds<\/a>\n                            <\/h3>\n                        <\/div>\n                        <div class=\"item-readmore\">\n                            <a class=\"btn\" href=\"https:\/\/coralmar.org\/en\/los-arrecifes-del-caribe-han-perdido-el-48-de-los-corales-duros-desde-1980-segun-un-estudio\/\">\n                                View now  \n                            <\/a>\n                        <\/div>\n                    <\/div>\n                <\/div>\n                            <div class=\"ct-carousel-item\">\n                    <div class=\"grid-item-inner\">\n                                                    <div class=\"item-featured\">\n                                <a class=\"overlay\" href=\"https:\/\/coralmar.org\/en\/este-diseno-simple-podria-salvar-los-arrecifes-de-ostras-en-todo-el-mundo\/\">\n                                    <img decoding=\"async\" class=\"\" src=\"https:\/\/coralmar.org\/wp-content\/uploads\/2026\/04\/Remanente-arrecife-natural-de-ostras-juan-esquivel-600x316.jpg\" width=\"600\" height=\"316\" alt=\"Remanente-arrecife-natural-de-ostras-juan-esquivel\" title=\"Remanente-arrecife-natural-de-ostras-juan-esquivel\" loading=\"lazy\" \/>                                <\/a>\n                                                            <\/div>\n                                                <div class=\"item-body\">\n                            <ul class=\"item-meta\">\n                                <li><i class=\"fa fa-calendar\"><\/i>06\/04\/2026<\/li>\n                                <li><i class=\"fa fa-user\"><\/i><span>By <\/span><a href=\"https:\/\/coralmar.org\/en\/author\/admino\/\" title=\"Posts by Staff Coral MAR\" rel=\"author\">Staff Coral MAR<\/a><\/li>\n                            <\/ul>\n                            <h3 class=\"item-title\" style=\"\">\n                                <a href=\"https:\/\/coralmar.org\/en\/este-diseno-simple-podria-salvar-los-arrecifes-de-ostras-en-todo-el-mundo\/\">This simple design could save oyster reefs around the world<\/a>\n                            <\/h3>\n                        <\/div>\n                        <div class=\"item-readmore\">\n                            <a class=\"btn\" href=\"https:\/\/coralmar.org\/en\/este-diseno-simple-podria-salvar-los-arrecifes-de-ostras-en-todo-el-mundo\/\">\n                                View now  \n                            <\/a>\n                        <\/div>\n                    <\/div>\n                <\/div>\n                            <div class=\"ct-carousel-item\">\n                    <div class=\"grid-item-inner\">\n                                                    <div class=\"item-featured\">\n                                <a class=\"overlay\" href=\"https:\/\/coralmar.org\/en\/antes-de-la-luna-estaba-el-oceano\/\">\n                                    <img decoding=\"async\" class=\"\" src=\"https:\/\/coralmar.org\/wp-content\/uploads\/2026\/04\/Antes-de-la-Luna-estaba-el-oceano-coral-foundation-600x316.jpg\" width=\"600\" height=\"316\" alt=\"Antes-de-la-Luna--estaba-el-oceano---coral-foundation\" title=\"Antes-de-la-Luna--estaba-el-oceano---coral-foundation\" loading=\"lazy\" \/>                                <\/a>\n                                                            <\/div>\n                                                <div class=\"item-body\">\n                            <ul class=\"item-meta\">\n                                <li><i class=\"fa fa-calendar\"><\/i>02\/04\/2026<\/li>\n                                <li><i class=\"fa fa-user\"><\/i><span>By <\/span><a href=\"https:\/\/coralmar.org\/en\/author\/admino\/\" title=\"Posts by Staff Coral MAR\" rel=\"author\">Staff Coral MAR<\/a><\/li>\n                            <\/ul>\n                            <h3 class=\"item-title\" style=\"\">\n                                <a href=\"https:\/\/coralmar.org\/en\/antes-de-la-luna-estaba-el-oceano\/\">Before the Moon, There Was the Ocean<\/a>\n                            <\/h3>\n                        <\/div>\n                        <div class=\"item-readmore\">\n                            <a class=\"btn\" href=\"https:\/\/coralmar.org\/en\/antes-de-la-luna-estaba-el-oceano\/\">\n                                View now  \n                            <\/a>\n                        <\/div>\n                    <\/div>\n                <\/div>\n                            <div class=\"ct-carousel-item\">\n                    <div class=\"grid-item-inner\">\n                                                    <div class=\"item-featured\">\n                                <a class=\"overlay\" href=\"https:\/\/coralmar.org\/en\/a-medida-que-los-arrecifes-desaparecen-la-fertilizacion-asistida-con-coral-ofrece-esperanza-en-la-republica-dominicana\/\">\n                                    <img decoding=\"async\" class=\"\" src=\"https:\/\/coralmar.org\/wp-content\/uploads\/2026\/03\/Teresa-de-Miguel-and-Francesco-Spotorno-600x316.jpg\" width=\"600\" height=\"316\" alt=\"Teresa-de-Miguel-and-Francesco-Spotorno\" title=\"Teresa-de-Miguel-and-Francesco-Spotorno\" loading=\"lazy\" \/>                                <\/a>\n                                                            <\/div>\n                                                <div class=\"item-body\">\n                            <ul class=\"item-meta\">\n                                <li><i class=\"fa fa-calendar\"><\/i>18\/03\/2026<\/li>\n                                <li><i class=\"fa fa-user\"><\/i><span>By <\/span><a href=\"https:\/\/coralmar.org\/en\/author\/admino\/\" title=\"Posts by Staff Coral MAR\" rel=\"author\">Staff Coral MAR<\/a><\/li>\n                            <\/ul>\n                            <h3 class=\"item-title\" style=\"\">\n                                <a href=\"https:\/\/coralmar.org\/en\/a-medida-que-los-arrecifes-desaparecen-la-fertilizacion-asistida-con-coral-ofrece-esperanza-en-la-republica-dominicana\/\">As reefs vanish, assisted coral fertilization offers hope in the Dominican Republic<\/a>\n                            <\/h3>\n                        <\/div>\n                        <div class=\"item-readmore\">\n                            <a class=\"btn\" href=\"https:\/\/coralmar.org\/en\/a-medida-que-los-arrecifes-desaparecen-la-fertilizacion-asistida-con-coral-ofrece-esperanza-en-la-republica-dominicana\/\">\n                                View now  \n                            <\/a>\n                        <\/div>\n                    <\/div>\n                <\/div>\n                            <div class=\"ct-carousel-item\">\n                    <div class=\"grid-item-inner\">\n                                                    <div class=\"item-featured\">\n                                <a class=\"overlay\" href=\"https:\/\/coralmar.org\/en\/la-incorporacion-de-lipidos-mejora-la-criotolerancia-de-los-ovocitos-de-coral-de-gorgonia-vitrificada\/\">\n                                    <img decoding=\"async\" class=\"\" src=\"https:\/\/coralmar.org\/wp-content\/uploads\/2026\/03\/Incorporation-of-lipids-improves-cryo-tolerance-600x316.jpg\" width=\"600\" height=\"316\" alt=\"Incorporation-of-lipids-improves-cryo-tolerance\" title=\"Incorporation-of-lipids-improves-cryo-tolerance\" loading=\"lazy\" \/>                                <\/a>\n                                                            <\/div>\n                                                <div class=\"item-body\">\n                            <ul class=\"item-meta\">\n                                <li><i class=\"fa fa-calendar\"><\/i>05\/03\/2026<\/li>\n                                <li><i class=\"fa fa-user\"><\/i><span>By <\/span><a href=\"https:\/\/coralmar.org\/en\/author\/admino\/\" title=\"Posts by Staff Coral MAR\" rel=\"author\">Staff Coral MAR<\/a><\/li>\n                            <\/ul>\n                            <h3 class=\"item-title\" style=\"\">\n                                <a href=\"https:\/\/coralmar.org\/en\/la-incorporacion-de-lipidos-mejora-la-criotolerancia-de-los-ovocitos-de-coral-de-gorgonia-vitrificada\/\">Incorporation of lipids improves cryo-tolerance of vitrified gorgonian coral oocytes<\/a>\n                            <\/h3>\n                        <\/div>\n                        <div class=\"item-readmore\">\n                            <a class=\"btn\" href=\"https:\/\/coralmar.org\/en\/la-incorporacion-de-lipidos-mejora-la-criotolerancia-de-los-ovocitos-de-coral-de-gorgonia-vitrificada\/\">\n                                View now  \n                            <\/a>\n                        <\/div>\n                    <\/div>\n                <\/div>\n                            <div class=\"ct-carousel-item\">\n                    <div class=\"grid-item-inner\">\n                                                    <div class=\"item-featured\">\n                                <a class=\"overlay\" href=\"https:\/\/coralmar.org\/en\/estado-de-las-finanzas-para-la-naturaleza-2026\/\">\n                                    <img decoding=\"async\" class=\"\" src=\"https:\/\/coralmar.org\/wp-content\/uploads\/2026\/03\/State-of-Finance-for-Nature-2026-UNEP-600x316.jpg\" width=\"600\" height=\"316\" alt=\"State-of-Finance-for-Nature-2026-UNEP\" title=\"State-of-Finance-for-Nature-2026-UNEP\" loading=\"lazy\" \/>                                <\/a>\n                                                            <\/div>\n                                                <div class=\"item-body\">\n                            <ul class=\"item-meta\">\n                                <li><i class=\"fa fa-calendar\"><\/i>05\/03\/2026<\/li>\n                                <li><i class=\"fa fa-user\"><\/i><span>By <\/span><a href=\"https:\/\/coralmar.org\/en\/author\/admino\/\" title=\"Posts by Staff Coral MAR\" rel=\"author\">Staff Coral MAR<\/a><\/li>\n                            <\/ul>\n                            <h3 class=\"item-title\" style=\"\">\n                                <a href=\"https:\/\/coralmar.org\/en\/estado-de-las-finanzas-para-la-naturaleza-2026\/\">State of Finance for Nature 2026<\/a>\n                            <\/h3>\n                        <\/div>\n                        <div class=\"item-readmore\">\n                            <a class=\"btn\" href=\"https:\/\/coralmar.org\/en\/estado-de-las-finanzas-para-la-naturaleza-2026\/\">\n                                View now  \n                            <\/a>\n                        <\/div>\n                    <\/div>\n                <\/div>\n                \n<\/div><\/div><\/div><\/div><\/div>\n<\/div>","protected":false},"excerpt":{"rendered":"Foto: UNEP Estado de las finanzas para la naturaleza 2026: impulsar la econom\u00eda de transici\u00f3n de la naturaleza de un bill\u00f3n de d\u00f3lares a nivel mundial y en Am\u00e9rica Latina y el Caribe Fecha : 11 de marzo de 2026 T\u00edtulo : 09:00 COT \/\/ 15:00 CET \/\/ 17:00 EAT Ubicaci\u00f3n : Online, MS Teams [...]","protected":false},"author":1,"featured_media":0,"parent":0,"menu_order":0,"comment_status":"closed","ping_status":"closed","template":"","meta":{"footnotes":""},"class_list":["post-1298","page","type-page","status-publish","hentry"],"aioseo_notices":[],"_links":{"self":[{"href":"https:\/\/coralmar.org\/en\/wp-json\/wp\/v2\/pages\/1298","targetHints":{"allow":["GET"]}}],"collection":[{"href":"https:\/\/coralmar.org\/en\/wp-json\/wp\/v2\/pages"}],"about":[{"href":"https:\/\/coralmar.org\/en\/wp-json\/wp\/v2\/types\/page"}],"author":[{"embeddable":true,"href":"https:\/\/coralmar.org\/en\/wp-json\/wp\/v2\/users\/1"}],"replies":[{"embeddable":true,"href":"https:\/\/coralmar.org\/en\/wp-json\/wp\/v2\/comments?post=1298"}],"version-history":[{"count":0,"href":"https:\/\/coralmar.org\/en\/wp-json\/wp\/v2\/pages\/1298\/revisions"}],"wp:attachment":[{"href":"https:\/\/coralmar.org\/en\/wp-json\/wp\/v2\/media?parent=1298"}],"curies":[{"name":"wp","href":"https:\/\/api.w.org\/{rel}","templated":true}]}}

Foto: UNEP Estado de las finanzas para la naturaleza 2026: impulsar la economía de transición de la naturaleza de un billón de dólares a nivel mundial y en América Latina y el Caribe Fecha : 11 de marzo de 2026 Título : 09:00 COT // 15:00 CET // 17:00 EAT Ubicación : Online, MS Teams [...]
